*r - 4*r. What are the prime factors of r?
29
Let u(y) = 25*y - 10. Let a(s) = -5*s + 2. Let c(h) = -11*a(h) - 2*u(h). List the prime factors of c(4).
2, 3
Suppose -48 = -3*f + 3*n, 2*n + 31 = 2*f - n. List the prime factors of f.
17
Let n = -2 - -2. Let z be 4/2 - (-2)/2. Let i = z - n. What are the prime factors of i?
3
Suppose -c = c - 4. Suppose c*q - 20 = -t, 4*t - 155 = -t + q. What are the prime factors of (-3)/(-2)*t/9?
5
Suppose 4 = 5*b + 59. Let x = -5 - b. Suppose 3*j - x - 15 = 0. What are the prime factors of j?
7
List the prime factors of (-3)/2*(-1010)/15.
101
Suppose -14*z + 3461 = 423. What are the prime factors of z?
7, 31
Let v be 450/66 + 4/22. Suppose 4*i = b - 19, -b - 5*i + v = 24. List the prime factors of b.
3
Let w = -3 - -5. Suppose 5*a - o - 23 = 28, -30 = -w*a - 2*o. List the prime factors of a.
11
Let p = -116 - -328. What are the prime factors of p?
2, 53
Let a(u) = u**3 + u**2 - u - 5. Let t be a(0). Let p = 29 + -10. Let l = t + p. What are the prime factors of l?
2, 7
Let b(x) = -x**3 - 3*x**2 - 3*x - 3. Let h be 1 + 2 - (-3 - -3). Suppose h*d + 11 = -0*v - v, 5*d = -3*v - 21. What are the prime factors of b(d)?
2, 3
Suppose 3*s = -5*l + 18, 0*s + s = -2*l + 6. What are the prime factors of s?
2, 3
Let u(v) be the third derivative of -v**4/24 - 2*v**3/3 - v**2. What are the prime factors of u(-6)?
2
Suppose -i - 3*i + 79 = k, -2*k = 5*i - 152. List the prime factors of k.
71
Suppose -3*g + 86 = -139. Suppose -g = -3*l - 0*l. What are the prime factors of l?
5
Let b be 15*(9/(-3))/(-9). Suppose -c - 2*p = 2*p - 3, -2*p + 33 = b*c. List the prime factors of c.
7
Let i be (12/(-9))/(2/(-3)). Suppose -i = -o + 2. Suppose -h + o*c = 6*c - 4, -2*h + 15 = -3*c. List the prime factors of h.
2, 3
Suppose 692 - 1959 = -7*r. List the prime factors of r.
181
Let i(d) = 2*d + 4. Suppose -6 = -4*y + 6. Let n = 6 - y. What are the prime factors of i(n)?
2, 5
Let x(q) = q**3 - 4*q**2 - 8*q + 14. List the prime factors of x(6).
2, 19
Suppose h = 6*h + 35. Let d = h + 11. What are the prime factors of d?
2
List the prime factors of -10 + 12 - (-1 + (-10)/1).
13
Let n = 16 + -10. Suppose 3*f = -4*a + n*f + 219, 2*f = -a + 41. What are the prime factors of a?
3, 17
Suppose -3*b - s + 5 = 2*b, b - 5*s = -25. Suppose 2*t + b*t + 3*y - 12 = 0, -t + 3*y = -6. Let l = 8 - t. List the prime factors of l.
2
Let j(x) be the first derivative of x**4/4 - 5*x**3/3 + 3*x**2/2 + 5*x - 2. Let d be j(4). Suppose 0 = 2*t - 3 - d. List the prime factors of t.
2
Suppose -2*w + w - 3*a = -261, -a + 512 = 2*w. List the prime factors of w.
3, 5, 17
Suppose -3*q + v = -0*v - 95, -2*v + 74 = 2*q. List the prime factors of q.
3, 11
Suppose -5*t + d + 0*d = -124, -112 = -4*t + 4*d. Suppose -5*p + t = -2*p. List the prime factors of p.
2
What are the prime factors of (-9)/(-2)*372/18?
3, 31
Let c(p) = 0*p**3 + 2 + 5*p**3 - 3*p + 0*p + 4*p**3. List the prime factors of c(1).
2
Suppose 0 = 5*c, 0*c + 3*c = 3*v + 3. Let f be -2*(-2)/(v - -2). Suppose 0 = f*u - 2*u - 20. What are the prime factors of u?
2, 5
List the prime factors of (-2 - -14)/(-3) - -41.
37
Let b = 2 - 7. Let d be (-3)/(-15) + (-9)/b. Suppose 46 = 4*x + d. List the prime factors of x.
11
What are the prime factors of (-16)/(-136) - 4518/(-34)?
7, 19
Let v be (-70)/(-5) - (-1)/1. Suppose 15 = 5*d - 3*c + 5*c, 3*c = -5*d + v. List the prime factors of d.
3
Let k = 134 + 2. What are the prime factors of k?
2, 17
List the prime factors of (12/20)/(-3)*-545.
109
Let q(u) = -u**3 - 17*u**2 + 10*u - 21. What are the prime factors of q(-18)?
3, 41
Let j(v) be the second derivative of 3*v**2 + v**3 - 3*v + 0 + 1/6*v**4. List the prime factors of j(-4).
2, 7
Suppose 3*s - 14 = 4. What are the prime factors of 22*(2 - 3/s)?
3, 11
Let v(z) = z**3 - 9*z**2 - 29*z + 16. What are the prime factors of v(12)?
2, 5
What are the prime factors of (-5)/(-2)*(-265 + -5)/(-5)?
3, 5
Suppose 0 = -4*l + 3*w - 102, -89 = 4*l - l + 4*w. List the prime factors of (-3)/(-2 + l/(-15)).
3, 5
Let p(k) = -k**2 + 112. Let m be p(0). What are the prime factors of 2/(-10) + m/10?
11
Let a be 4/(-14) - (-60)/14. List the prime factors of ((-32)/20)/(a/(-50)).
2, 5
List the prime factors of (-27)/(-18)*(-28)/(-6).
7
Suppose 0 = -4*j - j + 185. Suppose h + 5*i - j = 5, -i = -3*h + 46. Suppose 2*f + 2*a = 12, -5*a + h = 2*f + 2. List the prime factors of f.
5
Let z = -8 - 4. Let d = z + 20. List the prime factors of d.
2
Let n = 13 - 41. Let r = n - -40. Suppose -4*x + x = -r. What are the prime factors of x?
2
Let q = 10 - 21. Let s = -9 - q. List the prime factors of s.
2
Let f(g) = -5*g - 7. What are the prime factors of f(-7)?
2, 7
Let q be 6/4*(-16)/(-6). Let k(m) = m**2 - 3*m - 7. Let n be k(-6). Suppose -41 = -3*d - 5*x, 5*d + q*x - x - n = 0. List the prime factors of d.
7
Let p = 20 - 12. Suppose s + 0*q + 2*q = -4, -14 = 2*s + q. What are the prime factors of p*(1 - 2/s)?
2, 5
Suppose -v = -31 - 15. What are the prime factors of v?
2, 23
Let b = 14 + -21. Let h be (-7)/((-49)/(-30))*b. Suppose -7*l + h = -2*l. List the prime factors of l.
2, 3
Suppose -14 = -2*p + 24. Suppose w - 27 = p. What are the prime factors of w?
2, 23
Let f = 3 - 2. Suppose z = x - 4, 2*z = -x + f + 3. Suppose -2*s - 2*s + 44 = z. What are the prime factors of s?
11
Let x(g) = g + 25. What are the prime factors of x(-15)?
2, 5
Let k(b) = 54*b + 1. Let g be k(1). What are the prime factors of 10/g - 654/(-33)?
2, 5
Let k be -3 - -5 - 16/4. What are the prime factors of 9/k*(-102)/9?
3, 17
Suppose 0 = -4*c + 9 + 3. Let v(l) = l + 14. Let s be v(-10). Suppose -s*y + 8*w = c*w - 23, 5*w = 5. List the prime factors of y.
7
Let s = -48 + 129. List the prime factors of s.
3
Let y = -9 - -10. Let f(q) = 21*q**3 + q**2. What are the prime factors of f(y)?
2, 11
Suppose 10 = 5*g - 0. Suppose 3*d - z = -d + 18, 10 = -5*z. Suppose 6*w = g*w, d*w - 39 = -3*u. What are the prime factors of u?
13
Suppose 0*s = 7*s - 511. What are the prime factors of s?
73
Let b = -29 - -46. What are the prime factors of b?
17
Let w = 81 + -49. List the prime factors of w.
2
Let p = -11 + 15. Let b(n) = 2*n + 0*n - 2 - p*n. What are the prime factors of b(-7)?
2, 3
Let n(f) = f**3 + 2*f**2 - 5*f + 3. Suppose 3*x - 8*x = 20. Let i be n(x). Let d(u) = -2*u - 6. List the prime factors of d(i).
2, 3
Let d = -13 + 27. List the prime factors of d.
2, 7
Let b(l) = -l**2 - 6*l + 2. Let u(w) be the first derivative of -3*w**2/2 + w + 1. Let z be u(2). What are the prime factors of b(z)?
7
What are the prime factors of (-1 - -3) + -1 - -10?
11
Suppose 24 + 42 = -2*t + 4*g, -117 = 3*t + 3*g. Let p = 54 + t. List the prime factors of p.
17
Let s(j) = -j**2 + 3*j + 3. Let g(m) = m**2 - 2*m - 4. Let t(p) = 4*g(p) + 5*s(p). Suppose 0 = -5*q + 5 + 10. What are the prime factors of t(q)?
11
Let c(d) = d**2 - 6*d + 3. Let s be c(7). Let r(b) = -4*b + s + 0 + 4*b - b. List the prime factors of r(0).
2, 5
What are the prime factors of -4 - (-5)/((-20)/(-36))?
5
Let h(a) = -a**2 + 40 + 0*a**2 - 34 + 3*a + 2*a. What are the prime factors of h(5)?
2, 3
Let l = 62 - 20. What are the prime factors of l?
2, 3, 7
Suppose 0 = -3*d + 7 + 8. List the prime factors of d.
5
List the prime factors of -2*(-5 + (-4)/(-2)).
2, 3
Suppose -z + 335 = 4*z. What are the prime factors of z?
67
Suppose z + 34 = 3*z - i, -91 = -5*z + 4*i. Suppose 0*k = -k + z. List the prime factors of k.
3, 5
Suppose -5*p = -22 - 3. List the prime factors of p.
5
Let g be (5/1)/(-1*1). Let j(n) = 3*n**2 + 8*n + 25. Let i(t) = -2*t**2 - 5*t - 17. Let m(f) = 7*i(f) + 5*j(f). List the prime factors of m(g).
2, 3
Let f(v) = -v**2 - 4*v + 7. Let a be f(-5). Suppose -5 = -a*x + 1. List the prime factors of x.
3
Let z be (11 - (0 - 1))*1. Suppose z = 5*i - i. Let b = i + -1. List the prime factors of b.
2
Suppose -11*l = -1358 - 1194. List the prime factors of l.
2, 29
Suppose 0 = 6*i + i - 28. What are the prime factors of i?
2
Let w(d) = d**2 + 6. List the prime factors of w(6).
2, 3, 7
Let z = 17 + -7. Let n(q) = -3 - 5*q + q**2 + z - 2*q**2. What are the prime factors of n(-5)?
7
Suppose -5*a + 46 = -49. Suppose -2*p + 2*g + 77 = -a, -p + 3*g + 48 = 0. What are the prime factors of p?
2, 3
Let r(a) = a**3 + 2*a + 59. List the prime fa